{"id":520,"date":"2025-07-03T16:23:58","date_gmt":"2025-07-03T16:23:58","guid":{"rendered":"https:\/\/self-roots.com\/miruna\/?page_id=520"},"modified":"2026-04-25T18:41:17","modified_gmt":"2026-04-25T18:41:17","slug":"contact-us","status":"publish","type":"page","link":"https:\/\/self-roots.com\/miruna\/contact-us\/","title":{"rendered":"Contact"},"content":{"rendered":"\t\t<div data-elementor-type=\"wp-page\" data-elementor-id=\"520\" class=\"elementor elementor-520\">\n\t\t\t\t<div class=\"elementor-element elementor-element-db74c4d e-grid e-con-boxed e-con e-parent\" data-id=\"db74c4d\" data-element_type=\"container\">\n\t\t\t\t\t<div class=\"e-con-inner\">\n\t\t\t\t<div class=\"elementor-element elementor-element-662349f elementor-widget elementor-widget-heading\" data-id=\"662349f\" data-element_type=\"widget\" data-widget_type=\"heading.default\">\n\t\t\t\t<div class=\"elementor-widget-container\">\n\t\t\t\t\t<h2 class=\"elementor-heading-title elementor-size-default\">Mi-ar face placere sa ma contacta\u021bi<\/h2>\t\t\t\t<\/div>\n\t\t\t\t<\/div>\n\t\t\t\t<div class=\"elementor-element elementor-element-40996df elementor-widget elementor-widget-text-editor\" data-id=\"40996df\" data-element_type=\"widget\" data-widget_type=\"text-editor.default\">\n\t\t\t\t<div class=\"elementor-widget-container\">\n\t\t\t\t\t\t\t\t\t<p><em>Ave\u021bi o \u00eentrebare sau vre\u021bi sa programa\u021bi o sesiune IFS? Completa\u021bi formularul de mai jos, sau trimite\u021bi-mi un email.\u00a0<\/em><\/p>\t\t\t\t\t\t\t\t<\/div>\n\t\t\t\t<\/div>\n\t\t<div class=\"elementor-element elementor-element-570c69d e-con-full e-grid e-con e-child\" data-id=\"570c69d\" data-element_type=\"container\">\n\t\t\t\t<div class=\"elementor-element elementor-element-7e5429c elementor-widget elementor-widget-shortcode\" data-id=\"7e5429c\" data-element_type=\"widget\" data-widget_type=\"shortcode.default\">\n\t\t\t\t<div class=\"elementor-widget-container\">\n\t\t\t\t\t\t\t<div class=\"elementor-shortcode\"><style id=\"wpforms-css-vars-688\">\n\t\t\t\t#wpforms-688 {\n\t\t\t\t--wpforms-container-padding: 0px;\n--wpforms-container-border-width: 1px;\n--wpforms-container-border-radius: 3px;\n--wpforms-background-color: rgba(0, 0, 0, 0);\n--wpforms-field-size-input-height: 43px;\n--wpforms-field-size-input-spacing: 15px;\n--wpforms-field-size-font-size: 16px;\n--wpforms-field-size-line-height: 19px;\n--wpforms-field-size-padding-h: 14px;\n--wpforms-field-size-checkbox-size: 16px;\n--wpforms-field-size-sublabel-spacing: 5px;\n--wpforms-field-size-icon-size: 1;\n--wpforms-label-size-font-size: 16px;\n--wpforms-label-size-line-height: 19px;\n--wpforms-label-size-sublabel-font-size: 14px;\n--wpforms-label-size-sublabel-line-height: 17px;\n--wpforms-button-size-font-size: 17px;\n--wpforms-button-size-height: 41px;\n--wpforms-button-size-padding-h: 15px;\n--wpforms-button-size-margin-top: 10px;\n--wpforms-container-shadow-size-box-shadow: none;\n\t\t\t}\n\t\t\t<\/style><div class=\"wpforms-container wpforms-container-full wpforms-render-modern\" id=\"wpforms-688\"><form id=\"wpforms-form-688\" class=\"wpforms-validate wpforms-form wpforms-ajax-form\" data-formid=\"688\" method=\"post\" enctype=\"multipart\/form-data\" action=\"\/miruna\/wp-json\/wp\/v2\/pages\/520\" data-token=\"3e3e09cced887dc1886aa1d8e9f507e7\" data-token-time=\"1777413769\"><noscript class=\"wpforms-error-noscript\">Please enable JavaScript in your browser to complete this form.<\/noscript><div id=\"wpforms-error-noscript\" style=\"display: none;\">Please enable JavaScript in your browser to complete this form.<\/div><div class=\"wpforms-field-container\"><div id=\"wpforms-688-field_2-container\" class=\"wpforms-field wpforms-field-name\" data-field-id=\"2\"><label class=\"wpforms-field-label\" for=\"wpforms-688-field_2\">Nume si Prenume <span class=\"wpforms-required-label\" aria-hidden=\"true\">*<\/span><\/label><input type=\"text\" id=\"wpforms-688-field_2\" class=\"wpforms-field-medium wpforms-field-required\" name=\"wpforms[fields][2]\" aria-errormessage=\"wpforms-688-field_2-error\" required><\/div><div id=\"wpforms-688-field_3-container\" class=\"wpforms-field wpforms-field-email\" data-field-id=\"3\"><label class=\"wpforms-field-label\" for=\"wpforms-688-field_3\">Email <span class=\"wpforms-required-label\" aria-hidden=\"true\">*<\/span><\/label><input type=\"email\" id=\"wpforms-688-field_3\" class=\"wpforms-field-medium wpforms-field-required\" name=\"wpforms[fields][3]\" spellcheck=\"false\" aria-errormessage=\"wpforms-688-field_3-error\" aria-describedby=\"wpforms-688-field_3-description\" required><div id=\"wpforms-688-field_3-description\" class=\"wpforms-field-description\">Your email<\/div><\/div>\t\t<div id=\"wpforms-688-field_1-container\"\n\t\t\tclass=\"wpforms-field wpforms-field-text\"\n\t\t\tdata-field-type=\"text\"\n\t\t\tdata-field-id=\"1\"\n\t\t\t>\n\t\t\t<label class=\"wpforms-field-label\" for=\"wpforms-688-field_1\" >Mesaj si Email<\/label>\n\t\t\t<input type=\"text\" id=\"wpforms-688-field_1\" class=\"wpforms-field-medium\" name=\"wpforms[fields][1]\" >\n\t\t<\/div>\n\t\t<div id=\"wpforms-688-field_4-container\" class=\"wpforms-field wpforms-field-textarea\" data-field-id=\"4\"><label class=\"wpforms-field-label\" for=\"wpforms-688-field_4\">Mesaj <span class=\"wpforms-required-label\" aria-hidden=\"true\">*<\/span><\/label><textarea id=\"wpforms-688-field_4\" class=\"wpforms-field-medium wpforms-field-required\" name=\"wpforms[fields][4]\" aria-errormessage=\"wpforms-688-field_4-error\" aria-describedby=\"wpforms-688-field_4-description\" required><\/textarea><div id=\"wpforms-688-field_4-description\" class=\"wpforms-field-description\">Drop me a line and I will get back to you<\/div><\/div><div id=\"wpforms-688-field_5-container\" class=\"wpforms-field wpforms-field-checkbox\" data-field-id=\"5\"><fieldset><legend class=\"wpforms-field-label\">Consim\u021b\u0103m\u00e2nt &amp; confirmare <span class=\"wpforms-required-label\" aria-hidden=\"true\">*<\/span><\/legend><ul id=\"wpforms-688-field_5\" class=\"wpforms-field-required\" data-choice-limit=\"2\"><li class=\"choice-1 depth-1\"><input type=\"checkbox\" id=\"wpforms-688-field_5_1\" data-rule-check-limit=\"true\" name=\"wpforms[fields][5][]\" value=\"Confirm c\u0103 am citit \u0219i am \u00een\u021beles c\u0103 sesiunile IFS sunt pentru dezvoltare personal\u0103 \u0219i explorare interioar\u0103. Sunt de acord s\u0103 fiu contactat(\u0103) \u00een leg\u0103tur\u0103 cu mesajul meu. \u00cen\u021beleg c\u0103 Miruna este IFS practitioner \u0219i nu ofer\u0103 psihoterapie clinic\u0103, diagnostic sau tratament medical.\" aria-errormessage=\"wpforms-688-field_5_1-error\" required ><label class=\"wpforms-field-label-inline\" for=\"wpforms-688-field_5_1\">Confirm c\u0103 am citit \u0219i am \u00een\u021beles c\u0103 sesiunile IFS sunt pentru dezvoltare personal\u0103 \u0219i explorare interioar\u0103. Sunt de acord s\u0103 fiu contactat(\u0103) \u00een leg\u0103tur\u0103 cu mesajul meu. \u00cen\u021beleg c\u0103 Miruna este IFS practitioner \u0219i nu ofer\u0103 psihoterapie clinic\u0103, diagnostic sau tratament medical.<\/label><\/li><\/ul><\/fieldset><\/div><script>\n\t\t\t\t( function() {\n\t\t\t\t\tconst style = document.createElement( 'style' );\n\t\t\t\t\tstyle.appendChild( document.createTextNode( '#wpforms-688-field_1-container { position: absolute !important; overflow: hidden !important; display: inline !important; height: 1px !important; width: 1px !important; z-index: -1000 !important; padding: 0 !important; } #wpforms-688-field_1-container input { visibility: hidden; } #wpforms-conversational-form-page #wpforms-688-field_1-container label { counter-increment: none; }' ) );\n\t\t\t\t\tdocument.head.appendChild( style );\n\t\t\t\t\tdocument.currentScript?.remove();\n\t\t\t\t} )();\n\t\t\t<\/script><\/div><!-- .wpforms-field-container --><div class=\"wpforms-submit-container\" ><input type=\"hidden\" name=\"wpforms[id]\" value=\"688\"><input type=\"hidden\" name=\"page_title\" value=\"\"><input type=\"hidden\" name=\"page_url\" value=\"https:\/\/self-roots.com\/miruna\/wp-json\/wp\/v2\/pages\/520\"><input type=\"hidden\" name=\"url_referer\" value=\"\"><button type=\"submit\" name=\"wpforms[submit]\" id=\"wpforms-submit-688\" class=\"wpforms-submit\" data-alt-text=\"Sending...\" data-submit-text=\"Submit\" aria-live=\"assertive\" value=\"wpforms-submit\">Submit<\/button><img decoding=\"async\" src=\"https:\/\/self-roots.com\/miruna\/wp-content\/plugins\/wpforms-lite\/assets\/images\/submit-spin.svg\" class=\"wpforms-submit-spinner\" style=\"display: none;\" width=\"26\" height=\"26\" alt=\"Loading\"><\/div><\/form><\/div>  <!-- .wpforms-container --><\/div>\n\t\t\t\t\t\t<\/div>\n\t\t\t\t<\/div>\n\t\t\t\t<\/div>\n\t\t\t\t<div class=\"elementor-element elementor-element-f59ee30 elementor-widget elementor-widget-heading\" data-id=\"f59ee30\" data-element_type=\"widget\" data-widget_type=\"heading.default\">\n\t\t\t\t<div class=\"elementor-widget-container\">\n\t\t\t\t\t<h2 class=\"elementor-heading-title elementor-size-default\">Sau m\u0103 pute\u021bi contacta direct pe email<\/h2>\t\t\t\t<\/div>\n\t\t\t\t<\/div>\n\t\t\t\t\t<\/div>\n\t\t\t\t<\/div>\n\t\t<div class=\"elementor-element elementor-element-bbeb2f1 e-flex e-con-boxed e-con e-parent\" data-id=\"bbeb2f1\" data-element_type=\"container\">\n\t\t\t\t\t<div class=\"e-con-inner\">\n\t\t<div class=\"elementor-element elementor-element-f5283bf e-con-full e-flex e-con e-child\" data-id=\"f5283bf\" data-element_type=\"container\">\n\t\t\t\t<div class=\"elementor-element elementor-element-6effadc elementor-widget elementor-widget-heading\" data-id=\"6effadc\" data-element_type=\"widget\" data-widget_type=\"heading.default\">\n\t\t\t\t<div class=\"elementor-widget-container\">\n\t\t\t\t\t<h3 class=\"elementor-heading-title elementor-size-default\">Miruna Voiculet<\/h3>\t\t\t\t<\/div>\n\t\t\t\t<\/div>\n\t\t\t\t<div class=\"elementor-element elementor-element-3ea566c elementor-widget elementor-widget-text-editor\" data-id=\"3ea566c\" data-element_type=\"widget\" data-widget_type=\"text-editor.default\">\n\t\t\t\t<div class=\"elementor-widget-container\">\n\t\t\t\t\t\t\t\t\t<p>Email: mvoiculethanu@gmail.com<\/p>\t\t\t\t\t\t\t\t<\/div>\n\t\t\t\t<\/div>\n\t\t\t\t<\/div>\n\t\t\t\t\t<\/div>\n\t\t\t\t<\/div>\n\t\t<div class=\"elementor-element elementor-element-f1a4958 e-flex e-con-boxed e-con e-parent\" data-id=\"f1a4958\" data-element_type=\"container\">\n\t\t\t\t\t<div class=\"e-con-inner\">\n\t\t\t\t<div class=\"elementor-element elementor-element-09182d5 elementor-widget elementor-widget-text-editor\" data-id=\"09182d5\" data-element_type=\"widget\" data-widget_type=\"text-editor.default\">\n\t\t\t\t<div class=\"elementor-widget-container\">\n\t\t\t\t\t\t\t\t\t<p>Ofer \u015fedin\u021be IFS \u00een rom\u00e2n<span style=\"background-color: #ffffff; color: #0a0a0a; font-family: 'Google Sans', Arial, sans-serif; font-size: 1rem;\">\u0103 si englez<\/span><span style=\"background-color: #ffffff; color: #0a0a0a; font-family: 'Google Sans', Arial, sans-serif; font-size: 1rem;\">\u0103 online pentru clien\u021bi din Rom\u00e2nia si din intreaga lume.<\/span><\/p>\t\t\t\t\t\t\t\t<\/div>\n\t\t\t\t<\/div>\n\t\t\t\t\t<\/div>\n\t\t\t\t<\/div>\n\t\t<div class=\"elementor-element elementor-element-ac35cf0 e-flex e-con-boxed e-con e-parent\" data-id=\"ac35cf0\" data-element_type=\"container\" data-settings=\"{&quot;background_background&quot;:&quot;classic&quot;}\">\n\t\t\t\t\t<div class=\"e-con-inner\">\n\t\t<div class=\"elementor-element elementor-element-d13f68c e-con-full e-flex e-con e-child\" data-id=\"d13f68c\" data-element_type=\"container\" data-settings=\"{&quot;background_background&quot;:&quot;classic&quot;}\">\n\t\t\t\t<div class=\"elementor-element elementor-element-4525e7b elementor-widget elementor-widget-image\" data-id=\"4525e7b\" data-element_type=\"widget\" data-widget_type=\"image.default\">\n\t\t\t\t<div class=\"elementor-widget-container\">\n\t\t\t\t\t\t\t\t\t\t\t\t\t\t\t<img fetchpriority=\"high\" decoding=\"async\" width=\"570\" height=\"740\" src=\"https:\/\/self-roots.com\/miruna\/wp-content\/uploads\/2025\/04\/Miruna-Picture-CV-professional-Voiculet-Hanu-website-IFS-directory.jpg.webp\" class=\"attachment-large size-large wp-image-42\" alt=\"Miruna Voiculet IFS Practitioner\" srcset=\"https:\/\/self-roots.com\/miruna\/wp-content\/uploads\/2025\/04\/Miruna-Picture-CV-professional-Voiculet-Hanu-website-IFS-directory.jpg.webp 570w, https:\/\/self-roots.com\/miruna\/wp-content\/uploads\/2025\/04\/Miruna-Picture-CV-professional-Voiculet-Hanu-website-IFS-directory.jpg-231x300.webp 231w\" sizes=\"(max-width: 570px) 100vw, 570px\" \/>\t\t\t\t\t\t\t\t\t\t\t\t\t\t\t<\/div>\n\t\t\t\t<\/div>\n\t\t\t\t<div class=\"elementor-element elementor-element-8915142 elementor-widget elementor-widget-heading\" data-id=\"8915142\" data-element_type=\"widget\" data-widget_type=\"heading.default\">\n\t\t\t\t<div class=\"elementor-widget-container\">\n\t\t\t\t\t<h2 class=\"elementor-heading-title elementor-size-default\">Miruna<\/h2>\t\t\t\t<\/div>\n\t\t\t\t<\/div>\n\t\t\t\t<div class=\"elementor-element elementor-element-8417958 elementor-widget elementor-widget-text-editor\" data-id=\"8417958\" data-element_type=\"widget\" data-widget_type=\"text-editor.default\">\n\t\t\t\t<div class=\"elementor-widget-container\">\n\t\t\t\t\t\t\t\t\t<p>IFS Practitioner \u2013 Level 2<\/p>\t\t\t\t\t\t\t\t<\/div>\n\t\t\t\t<\/div>\n\t\t\t\t<div class=\"elementor-element elementor-element-ec4a421 elementor-align-center elementor-widget elementor-widget-button\" data-id=\"ec4a421\" data-element_type=\"widget\" data-widget_type=\"button.default\">\n\t\t\t\t<div class=\"elementor-widget-container\">\n\t\t\t\t\t\t\t\t\t<div class=\"elementor-button-wrapper\">\n\t\t\t\t\t<a class=\"elementor-button elementor-button-link elementor-size-sm\" href=\"https:\/\/calendly.com\/mvoiculethanu\/30min\" target=\"_blank\">\n\t\t\t\t\t\t<span class=\"elementor-button-content-wrapper\">\n\t\t\t\t\t\t\t\t\t<span class=\"elementor-button-text\">Programeaz\u0103-te<\/span>\n\t\t\t\t\t<\/span>\n\t\t\t\t\t<\/a>\n\t\t\t\t<\/div>\n\t\t\t\t\t\t\t\t<\/div>\n\t\t\t\t<\/div>\n\t\t\t\t<\/div>\n\t\t\t\t\t<\/div>\n\t\t\t\t<\/div>\n\t\t\t\t<\/div>\n\t\t","protected":false},"excerpt":{"rendered":"<p>Mi-ar face placere sa ma contacta\u021bi Ave\u021bi o \u00eentrebare sau vre\u021bi sa programa\u021bi o sesiune IFS? Completa\u021bi formularul de mai [&hellip;]<\/p>\n","protected":false},"author":1,"featured_media":0,"parent":0,"menu_order":0,"comment_status":"closed","ping_status":"closed","template":"elementor_theme","meta":{"pagelayer_contact_templates":[],"_pagelayer_content":"","site-sidebar-layout":"no-sidebar","site-content-layout":"","ast-site-content-layout":"full-width-container","site-content-style":"default","site-sidebar-style":"default","ast-global-header-display":"","ast-banner-title-visibility":"","ast-main-header-display":"","ast-hfb-above-header-display":"","ast-hfb-below-header-display":"","ast-hfb-mobile-header-display":"","site-post-title":"disabled","ast-breadcrumbs-content":"","ast-featured-img":"disabled","footer-sml-layout":"","theme-transparent-header-meta":"","adv-header-id-meta":"","stick-header-meta":"","header-above-stick-meta":"","header-main-stick-meta":"","header-below-stick-meta":"","astra-migrate-meta-layouts":"default","ast-page-background-enabled":"default","ast-page-background-meta":{"desktop":{"background-color":"var(--ast-global-color-5)","background-image":"","background-repeat":"repeat","background-position":"center center","background-size":"auto","background-attachment":"scroll","background-type":"","background-media":"","overlay-type":"","overlay-color":"","overlay-opacity":"","overlay-gradient":""},"tablet":{"background-color":"","background-image":"","background-repeat":"repeat","background-position":"center center","background-size":"auto","background-attachment":"scroll","background-type":"","background-media":"","overlay-type":"","overlay-color":"","overlay-opacity":"","overlay-gradient":""},"mobile":{"background-color":"","background-image":"","background-repeat":"repeat","background-position":"center center","background-size":"auto","background-attachment":"scroll","background-type":"","background-media":"","overlay-type":"","overlay-color":"","overlay-opacity":"","overlay-gradient":""}},"ast-content-background-meta":{"desktop":{"background-color":"var(--ast-global-color-4)","background-image":"","background-repeat":"repeat","background-position":"center center","background-size":"auto","background-attachment":"scroll","background-type":"","background-media":"","overlay-type":"","overlay-color":"","overlay-opacity":"","overlay-gradient":""},"tablet":{"background-color":"var(--ast-global-color-4)","background-image":"","background-repeat":"repeat","background-position":"center center","background-size":"auto","background-attachment":"scroll","background-type":"","background-media":"","overlay-type":"","overlay-color":"","overlay-opacity":"","overlay-gradient":""},"mobile":{"background-color":"var(--ast-global-color-4)","background-image":"","background-repeat":"repeat","background-position":"center center","background-size":"auto","background-attachment":"scroll","background-type":"","background-media":"","overlay-type":"","overlay-color":"","overlay-opacity":"","overlay-gradient":""}},"footnotes":""},"class_list":["post-520","page","type-page","status-publish","hentry"],"yoast_head":"<!-- This site is optimized with the Yoast SEO plugin v26.6 - https:\/\/yoast.com\/wordpress\/plugins\/seo\/ -->\n<title>Contact Us \u2014 Self Roots<\/title>\n<meta name=\"description\" content=\"Reach out to book an IFS session with Miruna or Andrei. Sessions are offered online in a safe, grounded space for inner exploration in English or Romanian.\" \/>\n<meta name=\"robots\" content=\"index, follow, max-snippet:-1, max-image-preview:large, max-video-preview:-1\" \/>\n<link rel=\"canonical\" href=\"https:\/\/self-roots.com\/miruna\/contact-us\/\" \/>\n<meta property=\"og:locale\" content=\"en_US\" \/>\n<meta property=\"og:type\" content=\"article\" \/>\n<meta property=\"og:title\" content=\"Contact Us \u2014 Self Roots\" \/>\n<meta property=\"og:description\" content=\"Reach out to book an IFS session with Miruna or Andrei. Sessions are offered online in a safe, grounded space for inner exploration in English or Romanian.\" \/>\n<meta property=\"og:url\" content=\"https:\/\/self-roots.com\/miruna\/contact-us\/\" \/>\n<meta property=\"article:modified_time\" content=\"2026-04-25T18:41:17+00:00\" \/>\n<meta property=\"og:image\" content=\"https:\/\/self-roots.com\/miruna\/wp-content\/uploads\/2025\/04\/Miruna-Picture-CV-professional-Voiculet-Hanu-website-IFS-directory.jpg.webp\" \/>\n<meta name=\"twitter:card\" content=\"summary_large_image\" \/>\n<meta name=\"twitter:label1\" content=\"Est. reading time\" \/>\n\t<meta name=\"twitter:data1\" content=\"1 minute\" \/>\n<script type=\"application\/ld+json\" class=\"yoast-schema-graph\">{\"@context\":\"https:\/\/schema.org\",\"@graph\":[{\"@type\":\"WebPage\",\"@id\":\"https:\/\/self-roots.com\/miruna\/contact-us\/\",\"url\":\"https:\/\/self-roots.com\/miruna\/contact-us\/\",\"name\":\"Contact Us \u2014 Self Roots\",\"isPartOf\":{\"@id\":\"https:\/\/self-roots.com\/miruna\/#website\"},\"primaryImageOfPage\":{\"@id\":\"https:\/\/self-roots.com\/miruna\/contact-us\/#primaryimage\"},\"image\":{\"@id\":\"https:\/\/self-roots.com\/miruna\/contact-us\/#primaryimage\"},\"thumbnailUrl\":\"https:\/\/self-roots.com\/miruna\/wp-content\/uploads\/2025\/04\/Miruna-Picture-CV-professional-Voiculet-Hanu-website-IFS-directory.jpg.webp\",\"datePublished\":\"2025-07-03T16:23:58+00:00\",\"dateModified\":\"2026-04-25T18:41:17+00:00\",\"description\":\"Reach out to book an IFS session with Miruna or Andrei. Sessions are offered online in a safe, grounded space for inner exploration in English or Romanian.\",\"breadcrumb\":{\"@id\":\"https:\/\/self-roots.com\/miruna\/contact-us\/#breadcrumb\"},\"inLanguage\":\"en-US\",\"potentialAction\":[{\"@type\":\"ReadAction\",\"target\":[\"https:\/\/self-roots.com\/miruna\/contact-us\/\"]}]},{\"@type\":\"ImageObject\",\"inLanguage\":\"en-US\",\"@id\":\"https:\/\/self-roots.com\/miruna\/contact-us\/#primaryimage\",\"url\":\"https:\/\/self-roots.com\/miruna\/wp-content\/uploads\/2025\/04\/Miruna-Picture-CV-professional-Voiculet-Hanu-website-IFS-directory.jpg.webp\",\"contentUrl\":\"https:\/\/self-roots.com\/miruna\/wp-content\/uploads\/2025\/04\/Miruna-Picture-CV-professional-Voiculet-Hanu-website-IFS-directory.jpg.webp\",\"width\":570,\"height\":740,\"caption\":\"Miruna Voiculet IFS Practitioner\"},{\"@type\":\"BreadcrumbList\",\"@id\":\"https:\/\/self-roots.com\/miruna\/contact-us\/#breadcrumb\",\"itemListElement\":[{\"@type\":\"ListItem\",\"position\":1,\"name\":\"Home\",\"item\":\"https:\/\/self-roots.com\/miruna\/en\/home\/\"},{\"@type\":\"ListItem\",\"position\":2,\"name\":\"Contact\"}]},{\"@type\":\"WebSite\",\"@id\":\"https:\/\/self-roots.com\/miruna\/#website\",\"url\":\"https:\/\/self-roots.com\/miruna\/\",\"name\":\"\",\"description\":\"Self Roots IFS\",\"potentialAction\":[{\"@type\":\"SearchAction\",\"target\":{\"@type\":\"EntryPoint\",\"urlTemplate\":\"https:\/\/self-roots.com\/miruna\/?s={search_term_string}\"},\"query-input\":{\"@type\":\"PropertyValueSpecification\",\"valueRequired\":true,\"valueName\":\"search_term_string\"}}],\"inLanguage\":\"en-US\"}]}<\/script>\n<!-- \/ Yoast SEO plugin. -->","yoast_head_json":{"title":"Contact Us \u2014 Self Roots","description":"Reach out to book an IFS session with Miruna or Andrei. Sessions are offered online in a safe, grounded space for inner exploration in English or Romanian.","robots":{"index":"index","follow":"follow","max-snippet":"max-snippet:-1","max-image-preview":"max-image-preview:large","max-video-preview":"max-video-preview:-1"},"canonical":"https:\/\/self-roots.com\/miruna\/contact-us\/","og_locale":"en_US","og_type":"article","og_title":"Contact Us \u2014 Self Roots","og_description":"Reach out to book an IFS session with Miruna or Andrei. Sessions are offered online in a safe, grounded space for inner exploration in English or Romanian.","og_url":"https:\/\/self-roots.com\/miruna\/contact-us\/","article_modified_time":"2026-04-25T18:41:17+00:00","og_image":[{"url":"https:\/\/self-roots.com\/miruna\/wp-content\/uploads\/2025\/04\/Miruna-Picture-CV-professional-Voiculet-Hanu-website-IFS-directory.jpg.webp","type":"","width":"","height":""}],"twitter_card":"summary_large_image","twitter_misc":{"Est. reading time":"1 minute"},"schema":{"@context":"https:\/\/schema.org","@graph":[{"@type":"WebPage","@id":"https:\/\/self-roots.com\/miruna\/contact-us\/","url":"https:\/\/self-roots.com\/miruna\/contact-us\/","name":"Contact Us \u2014 Self Roots","isPartOf":{"@id":"https:\/\/self-roots.com\/miruna\/#website"},"primaryImageOfPage":{"@id":"https:\/\/self-roots.com\/miruna\/contact-us\/#primaryimage"},"image":{"@id":"https:\/\/self-roots.com\/miruna\/contact-us\/#primaryimage"},"thumbnailUrl":"https:\/\/self-roots.com\/miruna\/wp-content\/uploads\/2025\/04\/Miruna-Picture-CV-professional-Voiculet-Hanu-website-IFS-directory.jpg.webp","datePublished":"2025-07-03T16:23:58+00:00","dateModified":"2026-04-25T18:41:17+00:00","description":"Reach out to book an IFS session with Miruna or Andrei. Sessions are offered online in a safe, grounded space for inner exploration in English or Romanian.","breadcrumb":{"@id":"https:\/\/self-roots.com\/miruna\/contact-us\/#breadcrumb"},"inLanguage":"en-US","potentialAction":[{"@type":"ReadAction","target":["https:\/\/self-roots.com\/miruna\/contact-us\/"]}]},{"@type":"ImageObject","inLanguage":"en-US","@id":"https:\/\/self-roots.com\/miruna\/contact-us\/#primaryimage","url":"https:\/\/self-roots.com\/miruna\/wp-content\/uploads\/2025\/04\/Miruna-Picture-CV-professional-Voiculet-Hanu-website-IFS-directory.jpg.webp","contentUrl":"https:\/\/self-roots.com\/miruna\/wp-content\/uploads\/2025\/04\/Miruna-Picture-CV-professional-Voiculet-Hanu-website-IFS-directory.jpg.webp","width":570,"height":740,"caption":"Miruna Voiculet IFS Practitioner"},{"@type":"BreadcrumbList","@id":"https:\/\/self-roots.com\/miruna\/contact-us\/#breadcrumb","itemListElement":[{"@type":"ListItem","position":1,"name":"Home","item":"https:\/\/self-roots.com\/miruna\/en\/home\/"},{"@type":"ListItem","position":2,"name":"Contact"}]},{"@type":"WebSite","@id":"https:\/\/self-roots.com\/miruna\/#website","url":"https:\/\/self-roots.com\/miruna\/","name":"","description":"Self Roots IFS","potentialAction":[{"@type":"SearchAction","target":{"@type":"EntryPoint","urlTemplate":"https:\/\/self-roots.com\/miruna\/?s={search_term_string}"},"query-input":{"@type":"PropertyValueSpecification","valueRequired":true,"valueName":"search_term_string"}}],"inLanguage":"en-US"}]}},"lang":"ro","translations":{"ro":520,"en":67},"pll_sync_post":[],"_links":{"self":[{"href":"https:\/\/self-roots.com\/miruna\/wp-json\/wp\/v2\/pages\/520","targetHints":{"allow":["GET"]}}],"collection":[{"href":"https:\/\/self-roots.com\/miruna\/wp-json\/wp\/v2\/pages"}],"about":[{"href":"https:\/\/self-roots.com\/miruna\/wp-json\/wp\/v2\/types\/page"}],"author":[{"embeddable":true,"href":"https:\/\/self-roots.com\/miruna\/wp-json\/wp\/v2\/users\/1"}],"replies":[{"embeddable":true,"href":"https:\/\/self-roots.com\/miruna\/wp-json\/wp\/v2\/comments?post=520"}],"version-history":[{"count":14,"href":"https:\/\/self-roots.com\/miruna\/wp-json\/wp\/v2\/pages\/520\/revisions"}],"predecessor-version":[{"id":805,"href":"https:\/\/self-roots.com\/miruna\/wp-json\/wp\/v2\/pages\/520\/revisions\/805"}],"wp:attachment":[{"href":"https:\/\/self-roots.com\/miruna\/wp-json\/wp\/v2\/media?parent=520"}],"curies":[{"name":"wp","href":"https:\/\/api.w.org\/{rel}","templated":true}]}}